h)?
31
Let h = 5737 - 5709. Suppose -3*l + 5 = -4. What is the remainder when l - (0 - -1 - 66) is divided by h?
12
Suppose 0 = 278*k - 283*k + 385. Suppose -33*p + 28*p - 2*q = -1916, 3*p + 4*q = 1158. What is the remainder when p is divided by k?
74
Suppose 4*g - 2 = 2. Let t(m) = -3*m**3 - 4*m + 27. What is the remainder when g*(51 - -3 - 1) is divided by t(0)?
26
Let j(v) = v**2 - 15*v - 21. Let i be j(15). Let f = 52 + i. Let c = -20 + f. What is the remainder when 19 is divided by c?
8
Suppose 0 = 3*o + 2*o - 210. Suppose 223*f = 207*f + 12384. Let z = 939 - f. Calculate the remainder when z is divided by o.
39
Let d = 5460 + -5403. What is the remainder when 396 is divided by d?
54
Let t = -2663 + 2967. What is the remainder when t is divided by 3?
1
Let z(s) = -28*s**2 + 25*s - 13. Let g(n) = -13*n**2 + 13*n - 7. Let r(q) = 13*g(q) - 6*z(q). Calculate the remainder when r(7) is divided by 9.
8
Let j(u) = 3*u + 45. Let r be (-2)/(-15) + 172/60. Suppose 3*l - 33 = r*k, 59 = -4*k - 2*l - 3. What is the remainder when 6 is divided by j(k)?
0
Let x = 2865 - 1973. Suppose 0 = -115*a + 111*a + x. Calculate the remainder when a is divided by 32.
31
Let w(q) = 7*q**2 - 75*q + 59. Calculate the remainder when w(12) is divided by 66.
35
Suppose 458 = 3*l - 3*r - 325, -3*l + 791 = -5*r. Let t(s) = s**3 - 26*s**2 + 47*s + 37. What is the remainder when l is divided by t(24)?
10
Let n(i) = -96*i + 7119. Calculate the remainder when 452 is divided by n(72).
38
Let l(m) = 2*m**2 + 84*m - 156. What is the remainder when 1917 is divided by l(-44)?
17
Suppose -7*q + c = -3*q - 98, q - 4*c = 17. Suppose q*o + 123 = 26*o. Calculate the remainder when o is divided by 40.
3
Let q = 84 - -119. Let l = -44682 + 44733. What is the remainder when q is divided by l?
50
Let f(t) = 13 + 6 - t - 7. Let c be f(13). What is the remainder when 35 is divided by c*1/((-60)/57 + 1)?
16
Suppose 66 = 5*i - 214. Suppose 4*j = 6*j - i. Calculate the remainder when ((-30)/16)/((-54)/504 + 59/616) is divided by j.
25
Let r = 43 - 38. Suppose -r*a - 22 = o + 5, 0 = -4*o + 3*a - 223. Let s = o - -83. What is the remainder when 60 is divided by s?
29
Let x(o) be the second derivative of -7*o**3/3 + 42*o**2 - 4*o. What is the remainder when 106 is divided by x(4)?
22
Suppose -114*r + 639 + 7569 = 0. What is the remainder when 6694 is divided by r?
70
Suppose 2*b - 5*g = -1303, 24*g - 27*g = 4*b + 2619. Let v = b + 703. What is the remainder when v is divided by 9?
4
Let q = -6075 - -6108. Calculate the remainder when 5739 is divided by q.
30
Suppose 4*s = i + 120, -2*s - 333 = -3*i - 383. Calculate the remainder when 430 is divided by s.
27
Let q(f) = -4*f**2 + 14*f - 7. Let b be q(7). Let s = 129 + b. Calculate the remainder when 212 is divided by s.
20
Let y be 1 - -109 - (1*-2 - -3). Suppose 106*l + 390 = y*l. Calculate the remainder when (-1)/(42/l + (-2)/5) is divided by 8.
5
Let c(b) = 22*b**2 - 33*b + 62. Let p(j) = 8*j**2 - 11*j + 22. Let x(y) = 3*c(y) - 8*p(y). Let q = -5 + 13. What is the remainder when 148 is divided by x(q)?
48
Suppose -32*b - 9164 = -122*b - 68*b. Calculate the remainder when b is divided by 51.
7
Let p(o) = 3*o**2 - 40*o + 38. Let d(a) = -a**2 + 13*a - 13. Let i(v) = 7*d(v) + 2*p(v). Calculate the remainder when 37 + (-6)/9*-9 is divided by i(6).
13
Let j be 9 - 5 - (-130)/5. Suppose -7*n = -2*n - j. Calculate the remainder when 89 is divided by n.
5
What is the remainder when 1770 is divided by 62 - -2 - (11 + -30 + 13)?
20
Suppose -c - 4*m + 4 = 0, 5 = -2*c - 4*m + 1. Calculate the remainder when ((-378)/49 - c) + (-962)/(-14) is divided by 35.
34
Let k(i) = i**3 - 13*i**2 - 459*i - 136. Suppose -2*f - 485 = 3*f. Let u = -18 - f. What is the remainder when u is divided by k(29)?
7
Suppose -3*f = 5*s - 15 + 26, 0 = 2*s + 2. Calculate the remainder when 94 is divided by (-876)/(-24) + f + 21/6.
18
Let l(y) = y**3 - 9*y**2 + y - 76. Calculate the remainder when 1053 is divided by l(11).
168
Suppose 2*m = 10, -2*q + 0*q + 5*m + 111 = 0. Calculate the remainder when q is divided by (-4)/(60*(-43)/1806 - 12/(-14)).
5
Suppose 66674*x = 66673*x + 2056. Calculate the remainder when x is divided by 14.
12
Calculate the remainder when 3 - (-23 - 700/(-60))*1*39 is divided by 128.
61
Suppose 0*m = -m - 85. Let f be 21/(-35) - (344/10 + -3). Let d = f - m. What is the remainder when d is divided by 9?
8
Let y = 407 + -192. Suppose 4*z = 3*m + y, m - 157 = -3*z - m. Suppose -2*l - 5 = -21. Calculate the remainder when z is divided by l.
5
Let h(q) = -q**3 + 2*q**2 - 2*q - 1. Suppose 5*m = -4*o + 72 + 138, -5*m - 140 = -3*o. Calculate the remainder when h(-2) is divided by 8/(96/9) + o/8.
5
Let o(c) = c**2 - 27*c + 80. Let m be o(26). Suppose -53*k - 21 = -m*k. Suppose 0*a + 33 = 3*a. What is the remainder when k is divided by a?
10
Suppose -9*l = -l - 328. Let m = l - 33. Let t = 5 - -24. Calculate the remainder when t is divided by m.
5
Let x = -144 - -152. Calculate the remainder when 50 is divided by ((-605)/(-220))/(2/x).
6
Suppose -11*j + 14*j = 54. Calculate the remainder when ((-47)/(-4))/((-2)/(-8)) is divided by j - (-15)/(-5)*(-2)/(-3).
15
Let x(p) = -10*p**3 + 9*p**2 - p - 11. Let c be x(-4). Suppose -c = -27*v + 573. Calculate the remainder when 97 is divided by v.
47
Let g(a) = a**3 + 24*a**2 + 59*a + 89. What is the remainder when g(-18) is divided by 9?
8
What is the remainder when 41734/49 - (-192)/84 is divided by 213?
2
Let r = -100 + 52. Calculate the remainder when 45 is divided by (32/r)/(1/(-24)).
13
Let s(h) = -9*h + 108. Let a be s(15). Calculate the remainder when 37 is divided by a/6*8*20/(-72).
7
Let x(r) = r**2 - 16*r - 189. Let l be x(27). Suppose 4*i + l = 2*b, -162 = -73*b + 70*b - 2*i. Calculate the remainder when b is divided by 8.
6
Let q(g) = -7*g**2 + 7*g - 6. Let w be q(-5). Let c = 224 + w. Calculate the remainder when 214 is divided by c.
6
Let t(l) = -l**2 + 23*l - 15. Let j = 211 - 189. Calculate the remainder when 285/7 + (-2)/(-7) is divided by t(j).
6
Calculate the remainder when (-26)/(-78)*(6 - -10233) is divided by 201.
197
Suppose -5*t + 2*p + 192 = 0, 3*p + 1 + 2 = 0. Suppose 7*z = 2370 + 2915. Suppose 5*q = u + z, 0 = -u - 0*u. What is the remainder when q is divided by t?
37
Let m be 56/35*(-30)/(-4). Suppose 28*s - 160 = m*s. What is the remainder when 31 is divided by s?
1
Suppose 41074 = 260*b - 26266. Calculate the remainder when b is divided by 237.
22
Suppose 5 + 7 = c. Suppose 2*p - 2 = -10, o = 4*p + 14. Let m = o - -9. What is the remainder when c is divided by m?
5
Suppose 6*m - 2*m + 3*z + 21 = 0, 5*m + 2*z = -21. Calculate the remainder when 419 is divided by (-6*m/(-4))/((-120)/1600).
59
Suppose 56 = 2*u - 5*a, 85*a - 86*a = -5*u + 94. What is the remainder when 0 + 1 - (-309)/3 is divided by u?
14
Suppose -f + 19 = -4*v - 28, 5*f - 211 = -4*v. Let i = f + -36. Let x = 20 - -27. Calculate the remainder when x is divided by i.
5
Suppose -1 = 2*s - 4*b - 3, 0 = -3*s - 4*b + 13. Suppose 2*z = -7*w + 3*w + 114, -s*z + 3*w = -144. What is the remainder when z is divided by 33?
18
What is the remainder when 195 is divided by ((-2)/4)/((240/(-16))/1320)?
19
Let f(r) = r**3 - 22*r**2 - 2*r + 15. Let w(m) = 2*m**3 - 66*m**2 - 5*m + 46. Let u(v) = -8*f(v) + 3*w(v). What is the remainder when 90 is divided by u(-11)?
6
Suppose a - 116 = -28*a. Let h = 30 - 23. Calculate the remainder when h is divided by a.
3
Let t(a) = 3*a**2 - 55*a - 30. Let s be t(19). What is the remainder when 104 is divided by 14/(-4)*-16*4/s?
20
Let o = 18 - 16. Let h be o/4 + -1 + 27/(-6). Let r(x) = x**3 + 6*x**2 + 4*x + 8. What is the remainder when 37 is divided by r(h)?
11
Suppose 4*y - 57 = 9*p - 4*p, -5*p - y - 42 = 0. Calculate the remainder when 886 is divided by 4 + (76 - (-3 - p)).
72
Let m be 5 - (8 + -6 + 1). Suppose 2*c + 0*k = k + 189, -4*k = m*c - 194. Calculate the remainder when c is divided by 54.
41
Let p(k) = 3*k**2 - 21*k + 36. Let d be p(7). Suppose d = h + 3. Calculate the remainder when (-2)/(-8) - 1020/(-16) is divided by h.
31
Let v = -316 + 318. Suppose 3*u = m - 2*m + 57, v*u = 5*m - 319. Calculate the remainder when m is divided by 23.
17
Suppose 168*w - 176*w + 32 = 0. Suppose -2*g - w*s = -168, -4*g +